 + 4 + -37 + 35 + -52.
-48
Evaluate -22 + (-10 + -1 + 4 - (61 + 7)).
-97
Evaluate 48 + (-118 - (3 + -43)).
-30
What is -86 - (155 - 170 - (11 + 0))?
-60
-8 + (-33 - -24) + -7 + -6
-30
Evaluate (-2 - 12) + -2 + -58 + 71 + 23.
20
What is the value of (106 + -14 - 70) + (0 - -9)?
31
Evaluate (-1 + (7 - 3) - -4) + -8 + (-6 - 46).
-53
Evaluate 11 - ((5 - 17 - (-17 - -10)) + 12).
4
3 + 38 - (-23 - (-11 - 8))
45
Calculate 0 + -9 - (-44 - (-8 - 17)) - -7.
17
What is the value of -58 - (11 - 92) - (-5 - -2)?
26
What is the value of -58 + 33 + 29 - (3 + -96) - (5 + -1)?
93
Calculate -41 - (-1 - 1) - (5 + -9 + -12 - -12).
-35
(-10 - 42) + 264 + -180
32
Evaluate -62 + 24 + (54 - 15).
1
What is (-1 - 0) + (-11 - (73 - 13)) + -2 + -21?
-95
-11 + 18 - 12 - (8 - 2) - -44 - 8
25
(1050 - 940) + -218 + 6
-102
What is -7 + 62 + -1 + 8 + 3 + -21 + 7?
51
Calculate (72 + -132 - -54) + 1 + 26.
21
What is the value of -928 - -912 - (3 + (3 - 3) + 8 + 2)?
-29
What is -6 + (-22 - -9) + 18 + -1 - -15?
13
Calculate -9 - (-1 - 78 - ((-21 + 58 - 26) + -19)).
62
What is the value of -9 + (46 - 25) + -10 + 20?
22
What is the value of -2 + 8 + 5 + (-10 + 21 - (-77 - -18))?
81
What is the value of -12 - (-62 + (-55 - -35) + (8 - (1 - 0)))?
63
(-42 + 46 - (-1 - 3)) + 2 + (-74 - -39)
-25
Evaluate -37 + 48 - (-9 - 58) - 0 - -3.
81
What is the value of (83 - 100 - (-9 + 2)) + (-45 - -1)?
-54
What is the value of (2 + 7 + -2 - 1) + (-371 - -353)?
-12
Calculate -378 - -319 - 35 - (-4 + 1).
-91
Evaluate -9 + (-10 - 10 - -7) + 27 + 2.
7
105 + -3 - (-1112 - -1174)
40
What is the value of -19 - (-44 + 3 - (-34 - -13))?
1
What is (-44 - (-40 + 2 - 45)) + (0 - -4)?
43
What is the value of (17 - 3) + -3 + -3 + 9?
17
What is the value of -15 + (-13 - (10 + 5 + -7 + -35))?
-1
Calculate -3 + (-4 - (7 - 13)) - (-11 + 55 + 7).
-52
What is -9 + -2 + 15 + 92 + -140 + 19?
-25
Evaluate -11 + 1 + (-14 + 2 + 14 - (-87 + -4)).
83
Evaluate 19 + -25 + 13 - 2 - 11.
-6
What is (4 - 5 - (1 + -10)) + (-6 - -13) + 29?
44
Calculate -5 - -1 - (-44 + 5 + -13 + 19).
29
What is the value of (29 - 21) + -11 - ((-16 - 0) + -5)?
18
Evaluate -8 + (3 - -4) - (145 - 29 - 42).
-75
Calculate -72 + (114 + 29 - 131).
-60
Evaluate (35 + -47 - 5) + (80 - -2).
65
What is -85 + (180 - 121) + -50?
-76
What is the value of 0 + -64 + (5 - (-10 + 5)) + (-15 - -15)?
-54
Calculate (10255 - 10234) + (0 - (-50 - -1)).
70
Evaluate (-103 - -95) + 0 + -14 - (4 + -9).
-17
Calculate (75 - 63) + 3 - -10.
25
Calculate -12 - -8 - -43 - (5 - -7 - 15).
42
Calculate 80 + -153 + 46 + (9 - 1 - -1).
-18
What is 0 + -46 - (-60 + 196 - 140)?
-42
What is 68 + -31 - (189 + -78) - (-1 + 12)?
-85
What is the value of (-1 - (-7 + 7)) + (10 + -17 - -21)?
13
-1 - (-73 - -45 - -84)
-57
Evaluate -19 - (-75 - (81 - 150)).
-13
Evaluate (-65 - -212) + -139 - -88.
96
What is 3 - 15 - (-18 - -10) - 44?
-48
What is the value of -38 - ((17 - 21 - -78) + -29)?
-83
Calculate 124 + -198 + (1 - -3 - -1) + -5 + 8.
-66
What is the value of (32 - -74) + -52 + -9?
45
What is the value of (-22 + -12 + 13 - -4 - -110) + 23?
116
What is the value of 281 + -252 + 1 + -14 + 1 + -1?
16
What is the value of 12 + 3 + (22 - (-17 + 61) - -19 - -122)?
134
Evaluate 65 - (-2 + 28 + 22).
17
(-67 - -25) + (61 - -7)
26
What is the value of 54 + (-84 - -110) - 36?
44
Evaluate -1 - (-1 - -20) - (-6832 - -6820).
-8
(-1 - 1) + (14 - (87 - 52))
-23
What is the value of (-526 - -477) + -3 + -9 + 15?
-46
What is the value of (6 + -37 - -19) + 2 + -2?
-12
(11 + (12 - 11) - 11) + (37 - 7)
31
What is (-114 - -43) + 86 + (-6 - -1) + 40?
50
What is 10 + -2 + 1 - (-10 - (-48 - 20)) - -6?
-43
Calculate 31 + -8 - 5 - (2 - (-8 - 3)).
5
What is 14 + -36 - (276 + -302)?
4
What is 889 + -907 - (-5 + 9 - -15 - 0)?
-37
Calculate -71 + 86 + 26 - 16.
25
What is (-7 - -7) + (-42 + -2 - -7)?
-37
(-15 + 90 - 9 - -17) + (-11 - -2 - -2)
76
What is (3 - 77) + (9 - -1 - 9 - -20)?
-53
What is 32 + (6 - 54) + -7 + -6 + -6?
-35
108 - (145 - -81) - 16
-134
Evaluate (-3 - (10 - (0 + (9 - 1)))) + -25.
-30
Calculate -42 + (-1 - (14 - 7)) + -13 + 25.
-38
Evaluate -41 + (24 - (-4 + 64)) + -19.
-96
Evaluate -20 - (-6 - (8 + -7 - 14)).
-27
What is the value of 13 - (-4 - (-26 - -11) - (-8 + 7))?
1
Calculate (-22 - -18) + -33 + 52.
15
What is the value of -2 + (-35 - 10) + 15?
-32
Evaluate (-201 - -169) + 71 + 10 + 9.
58
Calculate -11 + -46 - ((0 - -7) + 3 + 1 + 1).
-69
What is 13 - -3 - (-28 + -62 + 130)?
-24
What is (-186 - -108 - 11) + (-2 - -24)?
-67
Evaluate -24 - -2 - -36 - 38.
-24
Evaluate 5 - (1 + 22 + -4 + -7).
-7
What is the value of 17 + 0 + -7 - -4 - (38 + -5 - -31)?
-50
What is the value of -47 + 3 - (-14 + -28)?
-2
-90 - -137 - (-5 - -2 - -20)
30
(-583 + 597 - (42 + 3 + -1)) + 10
-20
67 + 6 + -22 - 133
-82
What is -21 + (138 - 46 - 13)?
58
Evaluate 12 + 1 + -7406 + 7437.
44
Calculate -72 - (-59 + (-25 + 34 - -18)).
-40
What is -26 + -20 + 15 + 38 - 6?
1
What is 5 - (61 + (0 - (-3 - -20)))?
-39
(99 - 89) + -2 + -3 + 1 + -16
-10
Evaluate 49 + (-64 - -52) + 27.
64
Calculate -2 + (25 - 8) + -12 + 0 + -5 + -16.
-18
Calculate (33 + -45 - 9 - 14) + 0 + 9.
-26
46 - (12 + -5) - (-9 + (7 + 0 - -11))
30
What is 4 - (-62 + 20 + 31)?
15
What is -23 - ((31 - -72) + 52 + -33)?
-145
-25 + 12 - -89 - (13 + -9 - -10)
62
18 - -3 - 29 - (8 - (-3 - -5) - 118)
104
37 + 0 - (2830 + -2728)
-65
What is 13 - (42 - (20 - -3))?
-6
(35 + 27 - -12) + -51
23
What is -76 - ((-24 - -2) + 56)?
-110
Evaluate (11 - (-14 + 19)) + 9 + 8 - 7.
16
What is the value of 12268 + -12237 - (-46 + 0)?
77
-672 + 706 + (0 - 19) - -113
128
-33 - (-45 - -15) - -20
17
What is 54 + 14 + (1 - 72)?
-3
What is 0 + (0 - -18) - (-6289 - -6305)?
2
Calculate 30 + (11 - (10 - 3 - (-3 - -12))).
43
Calculate -1 - -3 - -3 - (-15 - (-68 - -48)).
0
What is -32 + (-19 - -34) - (-2 - (2 + -4))?
-17
Evaluate 8 + (-36 - -27) + (-1 - -56) - 11.
43
-15 - (-18 + -35 + -16 + 22)
32
83 + (13 - (58 - 23))
61
Evaluate (-23 - -48) + -10 + -3 + -112 + 4 + -1.
-97
Calculate 60 + -59 + (8 + -13 - -7 - (-1 + -23)).
27
Calculate -26 + (-3 - (5 - -9) - -11 - 8).
-40
What is the value of 91 + -8 + (-5 - -4) + -1 + -2?
79
What is 54 + -174 - -57 - (-7 + 2 - 0)?
-58
What is -7 + (9 - (19 + -115) - 23)?
75
What is the value of -2 + (5 - -1) - -13 - (541 - 599)?
75
Calculate 20 - (0 + 0) - (-300 + 277 - (-24 - 10)).
9
What is the value of 1 + -27 + 24 + -20 + -14?
-36
What is 8 - -2 - (-1936 + 1894)?
52
What is the value of -60 + (8 - ((20 - (23 - 10)) + 11))?
-70
What is the value of 1 + 13 + (31 - 74) + 18 - 33?
-44
Calculate (121 - 99) + (3 - -2) + 6 + 2.
35
Calculate -214 - (-111 + -56 + 13).
-60
Evaluate -11 + (-47 - -76 - 57) + -84.
-123
What is (-8 - -20) + -19 + -23 + -3?
-33
-122 + 139 - (-4 + 0) - (128 + -11)
-96
What is 1 + 0 - (16 + -14 - -27 - 22)?
-6
What is 8 - -2 - ((-22 - (3 + -24)) + 27)?
-16
Evaluate -100 + (16 - (-59 + 37)).
-62
-562 + 563 - (-5 + -2 + 5 - 31)
34
Evaluate (48 - (-12 - -20)) + -15 + -3 - -6.
28
What is the value of 0 - (-10 + (15 + -3 - 2))?
0
What is (-3 - 1) + 2 - ((-13 - (-15 - -3)) + 65)?
-66
Evaluate (-64 - (-3 + -14)) + 16.
-31
Calculate (-102 - -45) + -1 + (-7 - -4).
-61
What is the value of -89 + 57 + 78 + -75?
-29
Evaluate (18 - -4) + (-14 - -37).
45
Calculate -9 - ((-18 - 6 - -12) + (-97 - -12 - 6)).
94
What is the value of -8432 + 8494 + ((-5 - -2) + 7 - 0) + -10?
56
What is the value of (-334 - -327) + (78 - (-2 + 0 - -6))?
67
What is (1 - -74) + -841 + 793?
27
What is -4 + (3 + -18 + 12 - 4) + -10 + 40?
19
What is 8139 - 8227 - (-28 + -1 + 1)?
-60
Evaluate 35 + (32 + -3 - (37 + -1)).
28
What is -4 + -12 + (103 - 50 - 47) - (1 + 27)?
-38
2 + -19 - ((1086 - 1057) + 1 + -29)
-18
Evaluate 23 + (19 - 36) + 22 - -107.
135
-2528 + 2535 + 1 + 31
39
(-64 - ((-8 + 31 - 13) + -5)) + 17
-52
What is (3 - (17 + -28 + 31) - -23) + 44?
50
What is the value of 3441 + -3408 + (-8 - 0)?
25
-131 - -129 - (-1 - (119 - (-3 - 0 - -4)))
117
Evaluate (-24 - (1 - -14 - 6)) + (2 - 4).
-35
What is -68 + -20 + 37 + (-1 + (1 - 3) - -3)?
-51
Evaluate (-3 + 5 - 11) + (-17 - (36 + -55)) - 34.
-41
Calculate (8 - 5 - 35) + 6.
-26
1 - (3 + (-7 - (-7 + 1)) + (-2 - 76))
77
79 - ((-58 - -29) + 55)
53
Calculate 4 + -4 + -11 + (-11 - (-11 - (-11 + -1))).
-23
What is 7 + -1 + -2 + -12 + 2 + 5 